 remainder when 34/(-1989)*-9 - (43884/(-26) + 0) is divided by 94.
90
Suppose 229 + 5027 = 12*t. What is the remainder when 1768 is divided by t?
16
Suppose -16 = f - 5*s, -f - 66*s = -62*s - 38. Suppose -b - 3 = n, -3*n + n = -4*b - 24. Let g(l) = -24*l + 5. What is the remainder when g(b) is divided by f?
13
Let y(o) = -o**3 - 10*o**2 + o + 2. Let b be y(-9). Let z = -66 - b. Calculate the remainder when 91 is divided by z.
3
Let n(b) be the first derivative of -1/2*b**2 + 27*b + 0*b**3 + 9 + 1/4*b**4. What is the remainder when 47 is divided by n(0)?
20
Let k = -220 + -245. What is the remainder when ((-10)/15)/(10/k) is divided by 13?
5
Let v = 16660 - 3882. Calculate the remainder when v is divided by 90.
88
Let n(x) = 47*x**2 - 2*x - 1. Let l(s) = 45*s + 95. Let t be 4 - (-32)/(-10) - 2/(-10). What is the remainder when l(t) is divided by n(-1)?
44
Suppose -3*k = 12, -v - 5*k = v - 3764. What is the remainder when 4/(-28) - v/(-14) is divided by 3?
0
Let q(x) = x**3 - 11*x**2 - 4*x + 171. Calculate the remainder when 1259 is divided by q(10).
19
Suppose -564*x = -561*x + a - 4488, 4*x - 5*a = 6041. Calculate the remainder when x is divided by 14.
1
Let a be 8 - 4 - (0 + 3 + -3). Suppose -z - 3*l = -1 + 3, -a*l - 33 = -3*z. What is the remainder when z/((-14)/(-8)) + 51 is divided by 14?
13
What is the remainder when 604 is divided by (380 + -500)*1/(-3)?
4
Calculate the remainder when 398 is divided by 81 - 0 - 1188/(-108).
30
Let w(b) = -b**3 - 7*b**2 - 7*b - 14. Let o be w(-6). Let x = o - -11. Calculate the remainder when 9 is divided by (-6)/x*1*-3.
3
Let l = 3945 + 1262. What is the remainder when l is divided by 14?
13
Let n(j) = j**3 + 84*j**2 + 309*j - 862. Calculate the remainder when 499 is divided by n(-80).
13
Let z = 762 + -734. What is the remainder when 88 is divided by z?
4
Let r be (36/(-24))/(2/(-124)). Suppose 0 = -5*c + 798 - r. Let g(u) = 24*u. Calculate the remainder when c is divided by g(1).
21
Let i be -1061 + 1 + -1 + 1. Suppose -4*c + 32 = 80*u - 76*u, -4*c = u - 38. Calculate the remainder when (0 - i/25) + (-4)/c is divided by 9.
6
Let j(z) = z - 2*z + 13 + 0*z. Suppose 739 - 718 = 3*w. Calculate the remainder when 22 is divided by j(w).
4
Let m = 233 - -47. What is the remainder when m is divided by 12?
4
Suppose -3*g - 18 + 6 = -3*p, 0 = -2*p + 4*g + 16. Let d(w) = -w**2 - 2*w + 1. Let x be d(p). What is the remainder when ((-270)/50)/(x/(-5)) is divided by 5?
2
Suppose -4*h - h - 5*s = -60, 4*h - 49 = -5*s. Suppose -d + 2*a + 48 + 534 = 0, 4*a - 12 = 0. Calculate the remainder when d/15 + 2/(-10) is divided by h.
6
Let r(u) = 72*u**2 - 2*u - 1. Let t be 5 - 0 - -4*6/(-12). Suppose -9*z - 6 = t. What is the remainder when r(z) is divided by 19?
16
Let r = 198 - 200. Let b(v) = 3*v**2 + 4*v - 1. What is the remainder when 18 is divided by b(r)?
0
Suppose -4*z + 346 = w - 139, 4*z - 3*w - 465 = 0. Let j = z - 23. What is the remainder when j is divided by 10?
7
Suppose -4*x - 5*w + 9 + 250 = 0, -4*x + 5*w + 269 = 0. What is the remainder when 1184 is divided by x?
62
Let f(d) = 2088*d + 14733. Let u = 5 - -13. What is the remainder when f(-7) is divided by u?
9
Let h(l) = 6*l**3 - 35*l**2 - 2*l + 34. What is the remainder when h(7) is divided by (0 - 1)/(3/(-273))?
90
Let j(z) = 68*z**2 + z + 2. Let x be j(-5). Let t(k) = 4*k - 13 + 13*k - x*k**2 + 1696*k**2. What is the remainder when 142 is divided by t(14)?
26
Suppose -i + 1150 = 13*i - 9*i. What is the remainder when 452 is divided by i?
222
Suppose 5*c - 6400 + 1524 = 4*h, -4*h + c = 4892. Let s = -608 - h. Calculate the remainder when s is divided by 20.
16
Let h(m) = 31*m**2 - 512*m - 2616. What is the remainder when 735 is divided by h(-5)?
16
Let k = -43 + 42. Let a(s) = -14*s - 4. Let g be a(k). Suppose g*x - 56 - 4 = 0. Calculate the remainder when 8 is divided by x.
2
Let j(q) = -q**2 - 21*q + 10. What is the remainder when 303 is divided by j(-16)?
33
Calculate the remainder when ((-62)/(-8))/(2/8) is divided by 224/260 + 174/(-377) + (-23)/(-5).
1
Suppose -36642*x + 36660*x = 3528. What is the remainder when 749 is divided by x?
161
Let a(y) = 384 + 389 - 17*y - 746. What is the remainder when a(-2) is divided by (-3)/((-6)/68) - (2 + 0)?
29
Let i be (-8)/(-10)*(-3 + 45/(-10)). Calculate the remainder when ((-170)/(-25) + i)*30 is divided by 14.
10
Let v be (-5 - -6) + 4 - -2. Let s(p) = 11*p - 68. What is the remainder when 13 is divided by s(v)?
4
Let y(o) = -14*o - 8. Let h(w) = -14*w - 10. Let i(a) = 3*h(a) - 2*y(a). Calculate the remainder when 190 is divided by i(-8).
92
Let a(q) = 2*q - 8. Suppose -6*h + 199 = 25. Suppose -h = -2*b - 11. Calculate the remainder when a(15) is divided by b.
4
Let q(z) = 115*z + 1. Let f be q(1). Let t = f - -30. Suppose 4*x + t = 3*h, 2*h = -3*h + 2*x + 234. Calculate the remainder when 136 is divided by h.
44
Suppose -13748 = -82*q + 14976 - 9946. Calculate the remainder when 860 is divided by q.
173
Let d be -8 + 5 + (-31)/((-1)/1). Suppose -170 = -d*h + 18*h. Suppose -4*g + 138 = 5*i, 3*i - 31 - 39 = -2*g. Calculate the remainder when g is divided by h.
15
Let t = 319 + -316. Suppose t*k + x = 39, k - 41*x - 13 = -44*x. Suppose 0 = -i - 0 + 6. What is the remainder when k is divided by i?
1
Let t = 56 - 29. Suppose 0 = -43*y + 34701 - 2795. Let s = y + -737. What is the remainder when t is divided by s?
2
Suppose -t = 4*u + 72, 23 = 3*u - 5*t + 77. Suppose -5*m = -3*m - 136. Calculate the remainder when m is divided by (-2)/(-12) + (-321)/u.
14
Suppose -310*g + 146068 = -81472. Calculate the remainder when g is divided by 47.
29
Suppose -4*z - 535 = -d - 482, d - 3*z = 59. Calculate the remainder when d is divided by 5.
2
Suppose -105 = -10*n + 725. Calculate the remainder when 790 is divided by n + -15*2/(-6).
86
Let y = 7031 - 6484. Calculate the remainder when y is divided by 15.
7
Let q = -813 + 822. Calculate the remainder when 5048 is divided by q.
8
Let m(n) = n - 27. Let x be m(6). Let s = x - -21. Suppose s = 5*a - 14 - 111. What is the remainder when a is divided by 11?
3
Suppose 2*x - 60 = -2*r, x - 3*x + 58 = 4*r. Suppose 4*t - 622 = -y, 2*t + 4*y + 3086 = 3460. What is the remainder when t is divided by x?
27
Let a be 10/4*2 - 8/4. Suppose -p + a*d = -255, 7*p + 4*d = 3*p + 1068. What is the remainder when ((-109)/6)/(-1) - 44/p is divided by 8?
2
Suppose 2*m - i - 20 = 0, -m + 2*i + 48 = 4*m. Let j be 1028/m - ((-4)/8 - -1). Let k = 154 - j. What is the remainder when 311 is divided by k?
25
Let t = -99 + 92. Let x(m) be the third derivative of -47*m**4/24 - 26*m**3/3 - 8*m**2 - m. Calculate the remainder when x(t) is divided by 40.
37
What is the remainder when 121 is divided by 3151/92 - ((-24)/32 - -1)?
19
Let z = -6183 + 6211. What is the remainder when 31 is divided by z?
3
Suppose 3*t = 2*z - 998, -139*t + 138*t = 5*z - 2495. Calculate the remainder when z is divided by 30.
19
Suppose -25 = 5*d, -2*k - 4*d = 18 + 10. Let w(s) = s**3 - 2*s**2 - s + 9. What is the remainder when w(4) is divided by 11 + k/((-12)/(-3))?
7
Let b = -23217 + 24497. Calculate the remainder when b is divided by 33.
26
Suppose 19*f + 20 = 957 + 1001. Calculate the remainder when 708 is divided by f.
96
Calculate the remainder when (-275)/330 - (2427/18)/(-1) is divided by 8.
6
Calculate the remainder when 382 is divided by (1/5)/((-22)/(-8690)).
66
Let j = 59 - 0. Suppose -j*g + 61*g = 16. What is the remainder when 375 is divided by g?
7
Let w(r) = -r**3 + 78*r**2 - 897*r + 30. What is the remainder when 1624 is divided by w(14)?
8
Let i(l) = l**3 - 2*l**2 - 2*l + 1. Let n be i(3). Suppose -5*g + n*g = 1, -w - 5*g + 71 = 0. What is the remainder when w is divided by 5?
1
Let c(x) = -x + 26. Let w be (-8)/7*((-8)/(-16) - 4). What is the remainder when 175 is divided by c(w)?
21
Let k(h) = 5*h**2. Let z be k(0). Suppose z = 3*b + a - 71, 10*b - 8*b - 2*a = 34. What is the remainder when 197 is divided by b?
21
Let u(n) = 2*n - 17. Let l(b) = b. Let p(x) = 5*l(x) + u(x). Let w be p(7). Calculate the remainder when 66 is divided by (-56)/w*8*-1.
10
Let k be (1 - 187)*4/(-8). Suppose -2*o + k = 21. Suppose 269 + 17 = 22*w. What is the remainder when o is divided by w?
10
Let d(f) = 3*f - 25. Let h be d(8). Wh